on divisor of 17 and g.
17
Let j(t) = 104*t + 8. Let n be j(1). Calculate the highest common factor of 14 and n.
14
Let h = -4615 - -6505. Calculate the highest common factor of 105 and h.
105
Let m be 15/(-125)*5*-35. What is the highest common divisor of m and 672?
21
Let b be 100/(-35)*(-35)/10. Let t(p) = p**2 - 5*p + 1. Let n be t(7). What is the highest common factor of b and n?
5
Suppose 945 = -4*v - 5*g + 3863, -1468 = -2*v + 2*g. What is the highest common factor of 24 and v?
12
Suppose 4*f + 20 = 0, -4*f - 4 = -3*o + 64. Calculate the greatest common factor of 80 and o.
16
Let a = -268 - -281. Calculate the greatest common divisor of 13 and a.
13
Let r be (-5 - -5 - (1 + 1)) + 14. Let l be (6/5*6)/(2/10). Calculate the highest common divisor of l and r.
12
Let m be (-678)/(-9) + (-42)/(-63). What is the highest common factor of m and 342?
38
Let z(m) be the first derivative of 49*m**4/4 - m**2 + m - 4. Let n be z(1). Calculate the highest common factor of 32 and n.
16
Let s be (-246)/(-9) - (7 + (-69)/9). What is the highest common factor of s and 91?
7
Let q(f) = f - 20. Let r be q(22). Calculate the greatest common divisor of r and 6.
2
Let y(m) = -2*m**3 - 18*m**2 - 11*m - 17. Let z be y(-9). Suppose -z*q = -80*q - 150. Calculate the greatest common divisor of 25 and q.
25
Let w = -334 - -132. Let g = w - -445. Suppose 0*k + k = 27. Calculate the greatest common factor of k and g.
27
Suppose g - 12 = -2*g. Let a be 2/g*(-5)/((-25)/90). Calculate the highest common divisor of 81 and a.
9
Let z be (-10 + (-2454)/(-15))/(2/15). What is the highest common factor of 72 and z?
72
Let t be -1 + 2 - ((-42)/6 + 6). What is the greatest common divisor of 13 and t?
1
Suppose 11*b - 1650 = -165. Calculate the greatest common divisor of b and 297.
27
Let h(v) = -v**3 - 9*v**2 + 10*v + 10. Let r be h(-10). Let q(t) = t**2 + 9*t - 492. Let a be q(-28). Calculate the highest common divisor of a and r.
10
Suppose -3*m = -0*m - 30. Let h = m - 9. Let u be h/((15/54)/5). Calculate the highest common divisor of 2 and u.
2
Let m be (-17342)/(-145) - (18/(-10))/(-3). What is the highest common factor of m and 136?
17
Let j(i) = -64*i + 65. Let d be j(1). Suppose -5*v + 3 = -2. Calculate the highest common divisor of v and d.
1
Suppose -2*d + 307 = f, 4*d + 12 = -5*f + 1559. Suppose -r = -107 - f. Calculate the highest common factor of r and 38.
38
Let z(r) = -r**2 + 9*r - 2. Let k be z(7). Suppose j = -4*j + 25. Suppose f = j*p - 175, 65 = 3*p + 4*f - 63. What is the greatest common factor of k and p?
12
Let b = -60 + 62. Suppose 0 = -2*h - 5*a + 29 + 274, 300 = b*h + 4*a. Calculate the greatest common divisor of h and 9.
9
Suppose 194 = 6*p - 76. Suppose -4*j - 1 = -u + 6*u, 5*j - 3*u - p = 0. What is the highest common factor of j and 15?
3
Let s be (-3)/(-4) + (-2)/(-8). Suppose 8 = 4*o - 2*g, 2*o + 4*g + 2 = 3*o. Let x be (-80)/30*(0 + -5 + o). Calculate the highest common factor of s and x.
1
Let w be (0 - 10/2)*(-216)/10. What is the highest common divisor of w and 297?
27
Suppose 5*b + 5*x + 10 = 0, 3*b + x + x + 1 = 0. Suppose -2*d = -3*q - 129, -194 = -3*d + q + b*q. What is the greatest common divisor of 22 and d?
22
Let r = -1892 - -2760. Calculate the highest common divisor of r and 56.
28
Let r be (-218)/(-2) - (-2 + 0). Calculate the highest common factor of 148 and r.
37
Let y be 2/(-4) + (-18)/(-4). Let b(o) = 33*o**2 - 359*o - 42. Let v be b(11). What is the highest common factor of v and y?
2
Suppose -2*b - b = -396. What is the highest common divisor of b and 220?
44
Let d be 210/12 - 6/(-4). Let h be (-4)/(-5 - (-1 + 0)) + d. Calculate the greatest common divisor of h and 140.
20
Let f(l) be the first derivative of -l**4/4 + 8*l**3/3 + 14*l**2 - 12*l - 5. Let v be f(10). What is the highest common divisor of v and 85?
17
Suppose -38 = -2*s - 2*o, 0 = -3*s + 5*o + 83 + 6. Calculate the highest common factor of s and 207.
23
Let p(b) = -2*b**2 + b - 15. Let r(d) = -d**2 + d + 1. Let k(q) = p(q) - 3*r(q). Let i be k(6). What is the greatest common factor of i and 54?
6
Suppose -3*v + 59 = 2*b - 829, 0 = -5*v + 4*b + 1480. Suppose -111 = -0*d - 3*d. Calculate the highest common factor of d and v.
37
Let s(j) = j**3 - 3*j**2 - 63*j + 6. Let t be s(-6). What is the greatest common divisor of 228 and t?
12
Let w be -20*(20/(-16) + 1). Suppose 0 = -3*g - 2*g + 10, w*i + 2*g - 1489 = 0. Let v = -14 + 41. Calculate the greatest common factor of i and v.
27
Let i = -509 - -517. Let p(u) = -33*u**3 - u**2 - u - 1. Let w be p(-1). Calculate the highest common factor of i and w.
8
Let k = -147 + 242. Let t = -26 - -66. Let u = k - t. What is the greatest common divisor of u and 22?
11
Let i be (-72)/(-3) - 0/(-1). Let s(u) = u**2 - 22*u - 38. Let c be s(i). Let m(o) = 29*o**3 + o. Let x be m(1). Calculate the highest common factor of c and x.
10
Let h be 1 - 4 - (-26 + -37). Calculate the highest common divisor of h and 1020.
60
Let q be 46/7 + ((-24)/(-14))/4. What is the greatest common factor of 4 and q?
1
Let u(r) = r**2 - 14*r - 12. Let y be u(14). Let n = -71 - y. Let k = -42 - n. Calculate the greatest common factor of 17 and k.
17
Suppose -5*i + i + 40 = 0. Let d = -6 + 5. Let f = d + i. Calculate the highest common divisor of f and 36.
9
Let u be 16/1 + -1 + 0. Suppose 60 - 12 + 67 = 23*m. Calculate the highest common divisor of m and u.
5
Suppose 0 = -5*d + 23 + 42. Let a = 21 + 0. Suppose -a = -3*c - 3*j, 8 + d = -2*c + 5*j. Calculate the greatest common factor of 10 and c.
2
Let q(h) = -10*h - 75. Let x be q(-14). What is the greatest common divisor of 247 and x?
13
Suppose -3*h + 6 = -3*m, -h + 0*h + 4*m - 4 = 0. Let v be 10/1 + (-16)/h. Let w be (-1 - -5)/(v/3). What is the highest common factor of 22 and w?
2
Let t be ((-15)/((-300)/(-8)))/((-1)/35). Calculate the greatest common divisor of t and 35.
7
Let m(k) = 38*k**2 + 22*k - 76. Let n be m(8). What is the greatest common factor of n and 12?
12
Let z = 174 - 102. Let d = -23 - -47. Let b = d - 16. What is the greatest common factor of z and b?
8
Let g(l) = 9*l - 3. Let r = -9 + 11. Let u be g(r). Let v be 126/4 + u/10. Calculate the highest common factor of 11 and v.
11
Suppose 1242 = -0*l + 23*l. Calculate the greatest common factor of l and 6.
6
Let f(c) = -c**3 + 7*c**2 - 6*c + 1. Suppose 0 = 3*r - 0 - 15. Let z be f(r). Suppose -3 = 2*s - 171. What is the highest common divisor of z and s?
21
Suppose 2*o + 8 = 0, 2*x - 3*x - o = 0. Suppose -6 = p - 3*t, p - 3*t + t = -2. Calculate the greatest common factor of x and p.
2
Let h = -537 + 306. Let d = h - -420. What is the highest common divisor of 21 and d?
21
Let i(k) = -k**2 - 4. Let q be i(6). Let v = -56 - q. Let o = v + 33. Calculate the greatest common factor of 17 and o.
17
Suppose 0*n - n = -3*c + 110, 5*c - 165 = -2*n. Calculate the highest common factor of c and 805.
35
Suppose -2*u = -4*u + 4. Let l be (3/(-2))/(u/(-12)). What is the greatest common divisor of l and 36?
9
Let n be 2928/11 + -4 + (-168)/(-44). What is the greatest common factor of n and 14?
14
Let h = 103 + 18. Calculate the greatest common divisor of 11 and h.
11
Let b(c) = 14*c**2 - 81*c + 16. Let g be b(6). Calculate the greatest common factor of g and 629.
17
Let h be (-6328)/(-70) - (-2)/(-5). What is the greatest common divisor of 30 and h?
30
Suppose 2962 = 5*j + q, 0 = 4*j - q - 4*q - 2358. Calculate the highest common factor of j and 185.
37
Let n be (2/(-4))/((-1)/(-98)). Let y be (-4 - (-10 + 3))/(4/(-172)). Let r = n - y. Calculate the greatest common factor of 10 and r.
10
Let a = 15 + -25. Let n = 11 + a. What is the greatest common factor of n and 5?
1
Suppose -5*d + 2*d + 4*h - 13 = 0, -18 = -2*d - 4*h. Let o be d/(-2) - (-82)/4. Let g be (75/12)/(1/32). Calculate the highest common divisor of o and g.
20
Let s be ((-5)/(-3))/((-3)/9). Let p(d) = d + 9. Let x be p(s). Suppose -i - x*i = -70. Calculate the highest common factor of i and 126.
14
Let w(l) = l**2 - 11*l + 235. Let p be w(25). Calculate the greatest common factor of p and 455.
65
Let o be 8/28 + (-19)/(-7). Suppose -5*a - 4 = -3*j, o*a - 5*a = -2. Calculate the highest common factor of 2 and j.
1
Let r(p) be the second derivative of -p**5/20 - p**4/3 + 3*p**2/2 - 3*p